What is -3 + -1 - (-200 - -214)?
-18
What is the value of 31 + (-18 - (-9 + 30))?
-8
What is the value of 15 - (-2 - -14 - -9)?
-6
(-46 - (-28 - -14)) + 25
-7
Evaluate (1923 - 1880) + 0 + 2 + -20.
25
Calculate -9 + -2 - 2 - (-563 - -569).
-19
5 + 2 + -18 + (50 - 18)
21
What is the value of 28 + -16 + 6 - ((5 - 0) + -2)?
15
What is the value of -1 + 1 + 5 + 13 + -18 - 1?
-1
-17 + 2 - (86 + -100 - (1 - 21))
-21
Evaluate 1 - (0 + 2) - (-29 + 20 + 22).
-14
What is -16 + 8 + 13 - -7 - 0?
12
What is the value of -4 + (30 - 13) - 14?
-1
Calculate (-11 - -21) + 0 - 15.
-5
Evaluate (-17 + 21 - -12) + -19 - -6.
3
0 - (-4 + 1) - (-57 + 60)
0
1 + (-1 - 30) + (-111 - -121)
-20
What is -2 + (16 - (5 - -3)) + -11?
-5
What is -16 - -41 - (4 + -4 + 6 + 2)?
17
What is -16 - 7 - (-56 - -38)?
-5
Evaluate -6 + -5 + (-5 - -32).
16
Evaluate -6 - (-4 + 1) - (5 + -2 + 0).
-6
Evaluate 12 + (-12 - -10 - -1) + -10.
1
What is 19 - (15 + -10) - (4 - 0 - 2)?
12
Evaluate (-1 - (1 - -8)) + 551 + -518.
23
4 - (0 + (-1 - 4) + 3)
6
What is 3 + -5 + 0 - (-86 + 68)?
16
Calculate (11 - (11 - -13)) + 8 - 17.
-22
What is (0 - 1 - (85 + -81)) + -3 + 4?
-4
9 - (-1 - 4 - (0 + -42 + 3))
-25
Evaluate (14 + -41 - -38) + -10 + 1.
2
Calculate -15 - ((6 - -2) + -18).
-5
-7 + (6 + 7 + -10 + -7 - -6)
-5
What is 0 + -6 + 10 + -8 + (-14 - -4)?
-14
What is the value of 42 + -12 - (45 - -21)?
-36
Calculate 23 + 6 + -24 + 1.
6
Calculate -2 + (-7 - -10 - (7 + (-1 - 0))).
-5
What is the value of 5 + -6 - (-7 + (0 - (0 + 3)))?
9
What is (0 - 3) + 3 + (48 + -27 - 0)?
21
(-27 - -38) + (-12 - (10 - 7))
-4
Calculate (21 - (-12 - 13)) + -23.
23
-3 + (2 - (-5 + -1)) + -11
-6
-4 - (-17 - 15) - 45
-17
(19 + -11 - -1) + -1 + 13 - -2
23
8 - (15 - (-9 + 11))
-5
Calculate 13 - (10 - -8) - 5.
-10
What is the value of (14 - (0 + 9)) + -9?
-4
What is the value of 15 - ((-4 - 4) + 3 + 12)?
8
What is the value of -9 + (14 - 10) + 21?
16
Evaluate 7 + 2 + (-13 - 8).
-12
105 - 122 - (3 - -2)
-22
What is the value of 90 + -99 + (19 - (-6 + 1))?
15
-7 + 20 + -10 + -12 + 0 + 8
-1
Calculate -89 - -93 - (1 - -4) - -1 - -39.
39
(14 - 3) + (0 - 23)
-12
Calculate -7 + (-8 + 1 - -22) - -4.
12
What is (-90 - -86) + (22 - 1)?
17
Evaluate (0 - (-16 + 19)) + -21 - 1.
-25
What is -8 + (3 - (-5 + 0)) + 14?
14
Calculate 18 + (-1 - (0 + 1 + -115 + 111)).
20
What is the value of -3 - (-9 + 3 + 5 + -2)?
0
Evaluate 4 + (-14 + 8 - -2) - (1 + -18).
17
What is the value of -5 + (29 - 54) + 5?
-25
(16 - 40) + -13 + 0 + 1 + 4
-32
-12 + -5 + -19 + 2 + 6
-28
Evaluate 5 + (-13 - -3) + 16.
11
What is -24 + (40 + -20 - 1)?
-5
What is (1 - 5) + (-187 - -198)?
7
Calculate -3 + (-1 + 17 - (12 + -14)).
15
Calculate (-3 - 28) + (20 - 13).
-24
(6 - 22) + -8 + (-17 - -20)
-21
What is the value of -13 - (3 + -15) - -10 - -13?
22
(0 - -10) + (-2 - (-4 - -12))
0
Evaluate (-2 - ((1 - 2) + 11)) + 2.
-10
Evaluate -3 - (10 + 6 + -9).
-10
What is -14 + -18 + 11 + 39?
18
What is -5 - ((-14 - -3) + 14)?
-8
What is (1 - -16) + -2 + -1 + (-1 - -1)?
14
What is 5 + -6 + 1 - -14?
14
Evaluate -16 - (3 - ((-9 - -18) + -1)).
-11
1 + (3 - 21 - -35)
18
What is the value of (24 - 11) + -12 - 13?
-12
What is the value of (0 + -3 - -3) + 7 + 0?
7
-21 + (23 - 6) + 0 + -5
-9
-9 + 0 + 129 + -104
16
What is the value of 1 + 10 - (-6 + 13 + -4)?
8
Calculate 2 + 17 - (6 - (-27 - -13 - -24)).
23
(-26 + (2 - -2) - 1) + (-9 - -14)
-18
-35 + (37 - -65) + -27
40
What is 2 + (12 - (5 + 20)) - 5?
-16
Evaluate -2 + -1 + 0 + 23 + -27 + 17.
10
-258 + 236 + (-1 - -42)
19
-4 - (-37 - (-67 - -9))
-25
-37 + 9 - (-30 - -13 - -17)
-28
What is 2 + -3 + 1 + 77 + -82 + -3?
-8
Calculate 10 - (6 + (40 - (-1 - -13))).
-24
What is the value of (2 - (0 + 1 - 0)) + 7?
8
What is 22 - 23 - 15 - (2 - (-1 - -1))?
-18
What is -22 - (-2 + -12) - -2?
-6
Calculate 0 - -16 - (30 - 7 - 28).
21
What is 68 - 57 - (1 - -19) - -8?
-1
What is the value of 14 + -21 + 2 + 27?
22
What is 7 + 1 - 32 - (3 - 9)?
-18
Evaluate -13 + 34 + (2 - 17).
6
What is -8 + 2 - (13 - (-11 + 17))?
-13
Evaluate (-3 - 7 - (41 + -41)) + -4.
-14
What is (-2 - -1 - (-11 - -9)) + (-11 - 8)?
-18
What is the value of -14 + 6 - (-12 + -10)?
14
(-22 - 1) + 8 + 8
-7
Calculate 3 - (8 + -2 - (51 + -46)).
2
What is the value of -23 + (0 - 12) + 56?
21
Evaluate 2 - -6 - (4 - 5).
9
-35 - (-24 - -15) - -10
-16
Calculate 17 - (9 + 22) - (-3 - 32).
21
What is the value of 17 + (15 - (57 - 9))?
-16
What is the value of -20 - (-23 + -1 + 15)?
-11
Evaluate -5 + (17 - (9 + -4)) + -16.
-9
Calculate 9 + ((-3 - -3) + 3 + -7 - -4).
9
10 + -17 - (2 + (2 - 5 - -6))
-12
Evaluate 5 + -12 + -24 - -30.
-1
Calculate -11 - -3 - (-2 - 15).
9
-15 - (-10 + 18 - 12)
-11
What is -45 + 10 + 7 + 10 + -6?
-24
Evaluate -2 - -3 - -4 - (28 + -8 - 1).
-14
Calculate 13 - 17 - (10 + -9).
-5
Evaluate 17 + (6 - 29) + 11 + 1.
6
Evaluate -5 - -1 - (9 - (18 + 10) - -9).
6
Evaluate -1 - -14 - (11 + -3 + -2) - 5.
2
Calculate 25 - (-16 - -13 - 16) - 17.
27
What is the value of 0 + -5 + (-12 + 4 - (-68 - -51))?
4
(-848 - -828) + (1 - -31) + 1
13
18 + (-1 + 6 + -5 - 9)
9
Evaluate -7 + (-9 - -11 - (-18 + (-2 - 1))).
16
Evaluate (148 - 158) + 0 + 1 + 3 + -3.
-9
What is (-9 - (-15 - -24)) + 5?
-13
Calculate 0 + -8 + 24 - (-2 + -4 + -2).
24
What is the value of -2 + 11 + (-27 - (11 - 3) - -5)?
-21
What is (-5 - 3) + 3 + -7 + 5 + 0?
-7
What is the value of -19 - -20 - (3 - -5 - 4) - -9?
6
What is (8 - (-4 + 10 - -1 - -2)) + 3?
2
What is the value of (1 - 1) + 5 + 10 + -2 + -9?
4
What is the value of 2 + 11 + 0 - -20?
33
-19 + 24 - (-2 + 1) - (-5 - -2)
9
What is the value of 154 + -120 + (-1 - 13)?
20
Evaluate 9 + -3 - ((32 - 25) + -8).
7
What is the value of (38 - (-6 - -18)) + -12?
14
What is the value of 6 - (24 + (16 - 24))?
-10
What is the value of (11 + -13 - -19) + -5?
12
What is 9 + -6 + (-9 + 16 - (-3 - -5))?
8
Calculate (14 - 12) + (-1 + -4 - -1 - -16).
14
Calculate 15 + (-35 - -27 - (-12 - 0)).
19
What is 350 - 337 - (-8 + 0 - -2)?
19
2 - (-16 + 7) - (-5 + 2)
14
What is -4 + (-14 - (-6 + -12) - (1 + 11))?
-12
What is the value of -28 + 1 + (36 - 22)?
-13
(11 + -15 - (0 + 0)) + 6 + -4
-2
What is -23 - 1 - (14 - (33 + -7))?
-12
Calculate 4 - (-2 - 2) - 8.
0
Evaluate 1 + -2 + 1 + (1 - 33 - -41).
9
23 + (-26 - -32) + -34
-5
What is 28 - (18 - -7) - -9?
12
What is the value of (-9 - 6) + -1 + 0 + 1 + 4?
-11
Evaluate 3 - (-27 + 10 + 7 - -13).
0
Evaluate 7 + -6 + 2 - (-2 - 3).
8
Calculate 15 + -28 + 11 - (-13 + -6).
17
What is the value of -24 - -29 - (0 - (-3 + 1 + 1))?
4
5 + (9 - -3) + -15 - -4
6
-25 + (14 - 5) - -15
-1
Calculate -6 + (3 - 13) - (-25 - -13).
-4
What is 11 - (35 + (-40 - -26))?
-10
What is the value of (-4 - (-15 + 21 + -8)) + -21?
-23
What is -3 - (-4 - (3 - -2 - (16 - -2)))?
-12
-4 + (58 - 12) - 17
25
What is the value of 17 + -19 + (-1 - -4) - (-3 - -9)?
-5
What is the value of -5 - 10 - -7 - (-7 - 4)?
3
Calculate (15 + -13 - 13) + 13 + -31.
-29
What is the value of 54 + (2 - (1 + 7 + 11))?
37
-2 - -3 - (39 - 35) - (3 - -2)
-8
Calculate 106 - 121 - (-2 - (2 + -1)).
-12
Calculate 14 + 0 + 41 + -49 - (2 + 2).
2
What is (1 - (11 - -2)) + (223 - 226)?
-15
What is -11 + 14 + 2 + 2 + -14?
-7
-6 + ((8 - 17 - -15) + 5 - -7)
12
Evaluate -12 + -1 + -18 + 20 + -18.
-29
What is the value of 4 + -1 + (-1 - -5) + -29 + 9?
-13
What is (2 - (-10 + 5)) + -6 + -1 + -9?
-9
What is the value of (-8 + 5 - -1) + -8 + 16?
6
15 + -5 + -3 + -14 + 2 - 11
-16
What is -6 - (-14 + 10) - 3 - (3 - -3)?
-11
What is the value of (7 - (-11 - -22)) + 9 - 7?
-2
Evaluate -24 - ((12 - 8) + -4) - -13.
-11
What is the value of -3 + 2 + 0 + 14 + (-24 - -16)?
5
What is (-157 - -148) + (-5 - -1) + 0?
-13
What is the value of -10 + 2 + (4 - (-17 + 3))?
10
12 + 0 + 1 + (-52 - -46)
7
Evaluate 4 - ((4 - 7) + 5 + 3) - -9.
8
Calculate -18 + (8 + 8 - -3).
1
What is -1004 + 1012 - (1 + 33)?
-26
7 - (-1 + (4 - 0)) - 3
1
Calculate (18 - (13 - 5)) + 4 + -41.
-27
What is 2 - ((-6 - -6 - 6) + 4 + 1)?
3
-8 - (7 + -12 + 0 + 7 + 0)
-10
What is -4 + -21 + 9 - (-6 + 0)?
-10
What is the value of (27 - 1) + -191 + 181?
16
5 + (-10 - -10) - (2 + (3 - -4))
-4
What is (8 - (1 + 6)) + 0 + 4?
5
9 - (-8 + 24 + 7 + -22)
8
What is the value of -17 - -24 - ((26 - 46) + (-1 - -1))?
27
What is 9 + -8 + 30 + -3?
28
Calculate -6 - -1 - (-13 + (0 - 1) - 2)